9.
15
Calculate the remainder when 149984 is divided by 55.
54
What is the remainder when 2209 is divided by 159?
142
What is the remainder when 133355 is divided by 523?
513
Calculate the remainder when 2126 is divided by 1058.
10
What is the remainder when 38421 is divided by 9602?
13
Calculate the remainder when 12618 is divided by 4084.
366
What is the remainder when 3586 is divided by 10?
6
What is the remainder when 53049 is divided by 231?
150
Calculate the remainder when 17807 is divided by 212.
211
Calculate the remainder when 3083559 is divided by 17.
14
What is the remainder when 1335 is divided by 1319?
16
What is the remainder when 1607 is divided by 233?
209
Calculate the remainder when 27592 is divided by 12.
4
What is the remainder when 18356 is divided by 367?
6
Calculate the remainder when 2263 is divided by 18.
13
Calculate the remainder when 501550 is divided by 729.
727
Calculate the remainder when 479 is divided by 46.
19
What is the remainder when 12909 is divided by 34?
23
What is the remainder when 1309 is divided by 1239?
70
Calculate the remainder when 48673 is divided by 133.
128
Calculate the remainder when 757072 is divided by 188.
184
Calculate the remainder when 6209 is divided by 169.
125
Calculate the remainder when 251040 is divided by 83673.
21
What is the remainder when 42789 is divided by 725?
14
What is the remainder when 523 is divided by 33?
28
Calculate the remainder when 46328 is divided by 46248.
80
Calculate the remainder when 8790 is divided by 4395.
0
What is the remainder when 324519 is divided by 180?
159
Calculate the remainder when 500252 is divided by 35.
32
What is the remainder when 207662 is divided by 39?
26
What is the remainder when 1297 is divided by 104?
49
What is the remainder when 18141 is divided by 128?
93
What is the remainder when 1669 is divided by 61?
22
Calculate the remainder when 476455 is divided by 2754.
13
What is the remainder when 2953 is divided by 360?
73
Calculate the remainder when 23690 is divided by 447.
446
Calculate the remainder when 52633 is divided by 5253.
103
What is the remainder when 87694 is divided by 9?
7
Calculate the remainder when 182410 is divided by 79.
78
Calculate the remainder when 3346 is divided by 1614.
118
Calculate the remainder when 260251 is divided by 459.
457
What is the remainder when 548110 is divided by 87?
10
What is the remainder when 86544 is divided by 51?
48
What is the remainder when 4805 is divided by 1571?
92
What is the remainder when 15951 is divided by 614?
601
What is the remainder when 4964 is divided by 1460?
584
Calculate the remainder when 6038 is divided by 101.
79
What is the remainder when 334774 is divided by 39?
37
Calculate the remainder when 549863 is divided by 24.
23
Calculate the remainder when 5165 is divided by 15.
5
Calculate the remainder when 102620 is divided by 14.
0
What is the remainder when 79808 is divided by 234?
14
What is the remainder when 37811 is divided by 184?
91
Calculate the remainder when 389173 is divided by 82.
1
What is the remainder when 395984 is divided by 176?
160
What is the remainder when 2123 is divided by 299?
30
Calculate the remainder when 617650 is divided by 60.
10
What is the remainder when 206330 is divided by 23?
20
What is the remainder when 24715 is divided by 29?
7
What is the remainder when 272635 is divided by 31?
21
Calculate the remainder when 9040 is divided by 1277.
101
What is the remainder when 48330 is divided by 1006?
42
Calculate the remainder when 7334 is divided by 16.
6
What is the remainder when 763554 is divided by 233?
13
What is the remainder when 47269 is divided by 47248?
21
Calculate the remainder when 17640 is divided by 357.
147
What is the remainder when 9876 is divided by 833?
713
Calculate the remainder when 7514 is divided by 1252.
2
Calculate the remainder when 42523 is divided by 13997.
532
What is the remainder when 28044 is divided by 3071?
405
What is the remainder when 2321 is divided by 269?
169
Calculate the remainder when 12035 is divided by 4.
3
Calculate the remainder when 24715 is divided by 140.
75
What is the remainder when 14464 is divided by 28?
16
Calculate the remainder when 9735 is divided by 139.
5
Calculate the remainder when 1924 is divided by 150.
124
Calculate the remainder when 14468 is divided by 2398.
80
What is the remainder when 971602 is divided by 27?
7
Calculate the remainder when 874235 is divided by 249.
245
Calculate the remainder when 109922 is divided by 18320.
2
Calculate the remainder when 21106 is divided by 205.
196
What is the remainder when 13036 is divided by 407?
12
Calculate the remainder when 30957 is divided by 5.
2
What is the remainder when 51259 is divided by 3203?
11
What is the remainder when 607251 is divided by 567?
561
Calculate the remainder when 989846 is divided by 329945.
11
Calculate the remainder when 4825 is divided by 816.
745
Calculate the remainder when 1287 is divided by 89.
41
What is the remainder when 762 is divided by 103?
41
Calculate the remainder when 2875 is divided by 206.
197
What is the remainder when 517 is divided by 223?
71
Calculate the remainder when 18580 is divided by 3655.
305
Calculate the remainder when 28674 is divided by 120.
114
What is the remainder when 1222469 is divided by 765?
764
What is the remainder when 73461 is divided by 574?
563
Calculate the remainder when 14018 is divided by 637.
4
What is the remainder when 9816 is divided by 138?
18
Calculate the remainder when 100525 is divided by 30.
25
Calculate the remainder when 3215 is divided by 215.
205
What is the remainder when 46627 is divided by 971?
19
What is the remainder when 2662087 is divided by 13?
12
Calculate the remainder when 10038 is divided by 150.
138
What is the remainder when 1328 is divided by 164?
16
Calculate the remainder when 135496 is divided by 67745.
6
Calculate the remainder when 28868 is divided by 31.
7
Calculate the remainder when 33235 is divided by 129.
82
What is the remainder when 130798 is divided by 151?
32
What is the remainder when 121549 is divided by 442?
441
What is the remainder when 2058 is divided by 448?
266
What is the remainder when 10067 is divided by 15?
2
Calculate the remainder when 29954 is divided by 40.
34
Calculate the remainder when 59394 is divided by 27.
21
What is the remainder when 243698 is divided by 4?
2
Calculate the remainder when 38728 is divided by 38694.
34
What is the remainder when 199836 is divided by 2?
0
Calculate the remainder when 703 is divided by 167.
35
What is the remainder when 1929 is divided by 16?
9
What is the remainder when 28500 is divided by 14226?
48
What is the remainder when 754044 is divided by 631?
630
What is the remainder when 3772 is divided by 3725?
47
Calculate the remainder when 50063 is divided by 9.
5
What is the remainder when 2141 is divided by 94?
73
What is the remainder when 171477 is divided by 60?
57
What is the remainder when 733799 is divided by 244591?
26
What is the remainder when 1333 is divided by 215?
43
Calculate the remainder when 3003 is divided by 499.
9
What is the remainder when 235950 is divided by 49?
15
Calculate the remainder when 48013 is divided by 184.
173
What is the remainder when 36685 is divided by 21?
19
Calculate the remainder when 65392 is divided by 394.
382
Calculate the remainder when 42342 is divided by 5292.
6
Calculate the remainder when 12283 is divided by 31.
7
Calculate the remainder when 195768 is divided by 201.
195
Calculate the remainder when 10039370 is divided by 1831.
1828
Calculate the remainder when 1902 is divided by 1900.
2
What is the remainder when 11994 is divided by 5962?
70
What is the remainder when 16250 is divided by 7999?
252
Calculate the remainder when 4573 is divided by 287.
268
What is the remainder when 25940 is divided by 141?
137
What is the remainder when 10126 is divided by 3302?
220
What is the remainder when 2263 is divided by 321?
16
Calculate the remainder when 2223 is divided by 1820.
403
What is the remainder when 134356 is divided by 113?
112
What is the remainder when 33445 is divided by 30?
25
What is the remainder when 21397 is divided by 5334?
61
Calculate the remainder when 15902 is divided by 388.
382
